3 - 2)) - -82?
2, 3, 7
Let k(a) = 34*a**2 - a - 1. Let y be k(-1). Suppose 0 = 2*d + s - 18, -5*s + y = d + 2*d. Suppose -j - j = -d. What are the prime factors of j?
2
Suppose 3*w = 7*w - 16. Suppose 11 = 4*c + 3*b - 20, 2 = -c - w*b. List the prime factors of c.
2, 5
Suppose -p - 4*h = 3*p - 24, -12 = -p - 3*h. Suppose -4*v - 6*k + k = -12, 0 = 3*v - p*k - 9. List the prime factors of v.
3
Let f(c) = 2*c + 14. Let u be f(-10). Let a be 4/u - 15/(-9). What are the prime factors of (a/3)/(1/45)?
3, 5
Let x(w) = w**3 + 2*w**2 - 2*w + 1. Let m be x(-3). Let l(d) = -d. Let r be l(m). Suppose 0 = -r*s + 9 + 3. List the prime factors of s.
2, 3
Suppose -3*l = 98 - 590. List the prime factors of l.
2, 41
Suppose -2*n = 3*r - 15 - 32, 3*n + 42 = 3*r. Let o = 27 - r. What are the prime factors of o?
2, 3
Let s be (-41 - 1)*(-14)/(-21). Let o = 70 + s. What are the prime factors of o?
2, 3, 7
Let x(p) = -p**2 + 21*p - 13. List the prime factors of x(16).
67
Suppose -5*f + r + 195 = 6*r, -2*r = -3*f + 127. Let s = 60 - f. What are the prime factors of s?
19
Suppose -5*b - 2*c = -7*c - 270, -2*c + 39 = b. List the prime factors of b.
7
List the prime factors of -5 - (4 - (303 + 1)).
5, 59
Let x(y) = -y**2 - y + 48. What are the prime factors of x(0)?
2, 3
Suppose 0 = 5*x + w - 2, 3 = -2*x + 2*w - 1. Suppose 4*i = h - 34, x = 3*h - 2*i - 18 - 44. List the prime factors of h.
2, 3
Let w be (-2)/4*4/(-2). Let m(n) = -6 - 2*n - w + n**2 + 2. What are the prime factors of m(4)?
3
Let h(t) = 4*t**3 - 3*t**2 - 2*t - 5. List the prime factors of h(3).
2, 5, 7
Let t be 45/12*(0 - 4). What are the prime factors of (-4)/(-10) + (-69)/t?
5
Let g = -279 + 431. What are the prime factors of g?
2, 19
Suppose 8 = v - 104. What are the prime factors of v?
2, 7
Let y = -5 + 8. Let n be (y - 2)/((-2)/(-12)). List the prime factors of -10*(n/4 - 2).
5
Suppose -3*a + 17 = -2*a. What are the prime factors of a?
17
Let y(u) = u**2 + 13 + 0*u + 3*u - 4. List the prime factors of y(-6).
3
Suppose -r - 49 = -4*n, r = -0*n - 2*n + 29. Let i = 24 - n. Suppose -k + i = 2. What are the prime factors of k?
3
Suppose 3*q - 2*o - 70 = 0, 16 + 13 = q + 5*o. Suppose 0*v - 2*v - q = -4*m, v - 13 = -3*m. What are the prime factors of (-22)/(-8)*(-8)/v?
11
Let b be 2 + (0 - 3 - -1). List the prime factors of 18 + (0 - (b - 2)).
2, 5
Let m(i) = -i**2 - 7*i + 4. Let h be m(-8). What are the prime factors of (h + 2)/(4/(-30))?
3, 5
Let s = 208 + -18. List the prime factors of s.
2, 5, 19
Let m = 3 + 0. Suppose -c = -3*g, c + 0*c - 2*g - m = 0. List the prime factors of (c/(-6))/((-6)/16).
2
Let c(f) = f**2 - 3*f - 1. Let t be (6/10)/((-2)/10). What are the prime factors of c(t)?
17
Let t(j) = -j**3 + 7*j**2 + 7*j + 5. Let i be t(8). Let a be i/((-9)/3) + -1. What are the prime factors of (0 + 1)*(2 + a)?
2
Let a(r) = r**3 - 5*r**2 + 2*r - 7. What are the prime factors of a(6)?
41
Let j(u) = -6*u - 5 + 8 - u**2 - 5. Suppose 0 = -4*i - 3*h - 11, 2*i - 5*h + 2 = -23. What are the prime factors of j(i)?
3
Let r = 143 - 86. Suppose 2*q - 53 = -2*q - h, -5*h + r = 4*q. What are the prime factors of q?
13
Suppose 0 = -g - 6*w + w + 2, -2*g - w + 4 = 0. Suppose -22 = g*s - 8. Let m = s - -11. List the prime factors of m.
2
Suppose 0 = -2*a + 633 - 247. List the prime factors of a.
193
Let i(b) = -b**3 - 7*b**2 + 9*b + 2. Let h be i(-8). Let z be 128/12*1*h. List the prime factors of (-1)/(-5) + z/(-5).
13
Suppose 0 = -4*p - 12, 13*x + 3*p + 1131 = 16*x. List the prime factors of x.
2, 11, 17
Suppose -10 = -5*c, 4*w - 2*w = -c + 234. What are the prime factors of w/6 - (-12)/18?
2, 5
Let g(l) = -l**3 + 5*l**2 - 4*l + 3. Let o be g(4). Suppose -3*s = -5*q + 20, 0 = o*s - s - 10. Suppose -2*h + h + q = 0. List the prime factors of h.
7
Suppose 4*p + 5*i + 4 = 2, -2*i = 5*p - 6. Suppose 15 = 2*w + 7*o - p*o, -26 = -5*w - o. List the prime factors of w.
5
Let n be 1 - 1/(2/(-6)). Suppose -72 = -5*m + n*l, 2*m + l - 12 = -3*l. List the prime factors of m.
2, 3
Let t(i) = 6*i - 10. Let l be t(9). Suppose -l + 5 = -3*m. Let n = m - 2. List the prime factors of n.
11
Let u(c) be the first derivative of -2*c**2 - 3*c + 2. Let k be u(-2). Let a(g) = g**3 - 5*g**2 + 3. List the prime factors of a(k).
3
What are the prime factors of ((-16)/(-10) - 2) + 364/35?
2, 5
Let l be (-1 - 15/(-9))*6. What are the prime factors of (-4)/5*(-50)/l?
2, 5
Suppose 5*b + 122 = -28. Let a = b - -54. Suppose -q + a = q. What are the prime factors of q?
2, 3
Let u(t) = 2*t**2 - 6*t. Let m(k) = 2*k**2. Let q be m(-1). Let f = 6 - q. What are the prime factors of u(f)?
2
Let h(j) = -4*j**3 - 5*j**2 - 4*j. List the prime factors of h(-2).
2, 5
Suppose 0 = -3*k - 2 + 77. List the prime factors of k + (-1 - 2) + 2.
2, 3
What are the prime factors of (8*-1)/2 + 164?
2, 5
Let y(v) = 4*v**2 + 7*v + 13. What are the prime factors of y(-8)?
3, 71
List the prime factors of -7*12/(-21) + (-1 - -280).
283
Suppose 0*q = 5*q. Suppose q*f = 2*f - 92. Suppose f - 4 = 3*b. List the prime factors of b.
2, 7
Let u(p) = -p**3 + 5*p**2 + p - 2. Let v be u(5). Let s be (4/(-3))/((-2)/v). List the prime factors of (-6)/s*(-32)/6.
2
Let u = 12 - 17. Let b = u + 10. List the prime factors of b.
5
Suppose -6*l = -5*l. Suppose 3*w - 76 + 10 = l. List the prime factors of w.
2, 11
Suppose 0 = 4*g + 5*u - 27, -5*g - u = -0*g - 18. Suppose 3*d = -15, -30 = -y + g*d - 5. Suppose -10 = -5*f + y. What are the prime factors of f?
2
Let j(k) = 12*k**2 - 1 + 4*k**3 + k - 11*k**2 - k**3. Let p be j(1). Suppose -4*s = p*l - 110 + 30, -5*l = s - 88. What are the prime factors of l?
17
Let m(k) = -3*k - 9. Let y(r) = 2*r - 1. Let z(j) = m(j) - y(j). Let f = -15 + 9. List the prime factors of z(f).
2, 11
Suppose b - 128 = -4*f, -3*b + 24 - 88 = -2*f. What are the prime factors of f?
2
Suppose -5*u = -6 - 14. List the prime factors of (-3 - 1)*(-29)/u.
29
Let u = 212 + -121. What are the prime factors of u?
7, 13
Let w = 132 + -25. List the prime factors of w.
107
Let i be 67*1 + (-3 - -1). Suppose d = 6*d - i. Suppose -3*c + d = -2*c. List the prime factors of c.
13
Let w = 10 - 10. Suppose 14 = -w*i + 2*i + 5*j, 21 = 3*i + 3*j. What are the prime factors of i?
7
Suppose -5*i + 70 = -0*i. List the prime factors of i.
2, 7
Suppose -2*u - 1 = -3*u. Let y(m) = 6*m**2 - 1. What are the prime factors of y(u)?
5
Let j = -6 + 10. Suppose j*x = -5*r + 23, -2*x + 7 = 3*x - r. What are the prime factors of x?
2
Let v(t) = t**3 - 9*t**2 - 12. Let u be v(9). List the prime factors of 3*((-820)/u)/5.
41
Let g(d) = -7*d**2 + 5*d**2 + 2 + d**2 - 3*d. Let j be g(-3). Suppose f = -j*f + 42. List the prime factors of f.
2, 7
Let m = 7 + 2. Let f be (-10)/3 - (-3)/m. What are the prime factors of (-29)/f + (-4)/6?
3
Suppose 0 = 2*d - b + 20, 0 = 5*d + b - 0*b + 43. Let x be 1 + d/(-6)*2. Suppose -31 + x = -3*i. What are the prime factors of i?
3
Let m(v) = -v**2 - 11*v - 12. List the prime factors of m(-3).
2, 3
Let p = 19 + 4. List the prime factors of p.
23
Suppose -4*n + 6 = -5*m, -n = n - 8. List the prime factors of m.
2
Let g = 15 - 5. Let y = -1 + g. List the prime factors of y.
3
Suppose 6 = 5*a + 1. What are the prime factors of (-14)/4*(-3 + a)?
7
Suppose -48 = -2*v - 14. Suppose -16 = -3*r + v. What are the prime factors of r?
11
Let y = -48 - -191. What are the prime factors of y?
11, 13
What are the prime factors of (12/10)/(4/120)?
2, 3
Let t = 119 + -295. Let o = -295 - t. List the prime factors of 1/2 - o/14.
3
Suppose 389 = 5*d - 56. List the prime factors of d.
89
Suppose 5*s - 228 = -p, 3*s + 3*p + 0*p - 144 = 0. List the prime factors of s.
3, 5
Let f(u) be the second derivative of u**3/6 - u**2/2 - 7*u. Let l be ((-6)/4 + 0)*-2. List the prime factors of f(l).
2
Let f(a) = -a - 1. Let d(q) = q**2 + 5*q - 3. Let n be d(-5). Let t be f(n). Suppose -3 - 9 = -t*v. List the prime factors of v.
2, 3
Let u(i) = -i**3 + i**2 + 2*i - 1. Let p be u(1). Let b(w) = 0 - p + 3 - w + 3. List the prime factors of b(-5).
2, 5
Let g(u) = u**3 - u + 10. Let x be g(0). Let f = x - 16. What are the prime factors of 74/6 + (-4)/f?
13
Suppose 5*i = 5 + 30. What are the prime factors of i?
7
Let u be (-77)/(-28) - (-2)/8. Suppose -u*o - 4*q = -77, -4*o + 6*q = q - 82. What are the prime fact